7
Suppose 3*s = -4*n + 26897, -669*s + 672*s - 5*n = 26960. List the prime factors of s.
5, 359
Suppose -42*z = -24*z + 152856. List the prime factors of ((-2)/3)/(-3 + z/(-2832)).
2, 59
Let c be (0 - 2)*(-1075)/10. Suppose -c*v + 210*v = -465. List the prime factors of v.
3, 31
Suppose -1520 + 5204 = 3*o. Let a = o + -644. List the prime factors of a.
2, 73
Let i = 12540 - 8149. What are the prime factors of i?
4391
List the prime factors of 10*(-15)/(240/(-11432)).
5, 1429
Let x(p) = p**3 - 20*p**2 - 33*p - 76. Let v be x(22). Suppose -160*k - 1410 = -v*k. What are the prime factors of k?
5, 47
Let v(l) = l**3 + 10*l**2 + 10*l - 7. Let m be v(-2). Let b = 1 + 1. List the prime factors of 50 + (b - -18)/m.
2, 3
Let p(m) = 1407*m**2 - 13*m - 19. List the prime factors of p(-2).
5, 7, 23
Let b = 147 - 147. Suppose 2*z + 3078 = 5*g, b = 3*g + 5*z - 1355 - 498. What are the prime factors of g?
2, 7, 11
Suppose -5*r - y = -3*r - 63406, 3*y = 4*r - 126822. List the prime factors of r.
2, 3, 1321
Let d = -2854 - -6528. List the prime factors of d.
2, 11, 167
What are the prime factors of 1/(8*8/21568)?
337
Let v(c) = -c**3 + 62*c**2 - 120*c - 89. List the prime factors of v(51).
2, 23, 487
Let v(f) = f**3 + 7*f**2 - 5*f - 4. Let o(a) = a**2 + 13*a + 23. Let g be o(-11). Let c be (-2)/(-11 - g) - 62/12. What are the prime factors of v(c)?
71
Let w(y) = 164*y + 9819. List the prime factors of w(-42).
3, 977
Let z be -4 + 5 + 5 - 21. Let c(r) = r**3 + 19*r**2 + 32*r - 6. What are the prime factors of c(z)?
2, 3, 23
Suppose 2*o + 2*d - 25914 = 0, 3*d + 8868 + 4081 = o. List the prime factors of o.
5, 2591
Let w = 16326 + 12334. List the prime factors of w.
2, 5, 1433
What are the prime factors of (-70)/(-700)*6*5*(-1481)/(-3)?
1481
Suppose -25*v = -v - 880032. List the prime factors of v.
2, 89, 103
Let j = 3338 + -2839. What are the prime factors of j?
499
Let l be ((-72)/16)/(3/22). Let u = l + 138. What are the prime factors of u?
3, 5, 7
Let p(z) = 14*z - 24. Let v be 1*(1 - 2) - (-264)/22. What are the prime factors of p(v)?
2, 5, 13
Let g = 50 - -58. Suppose b = -n + 52, 0 = 2*b - n + 2*n - g. Suppose -k + 5*o = 3*o, -b = -5*k - 4*o. List the prime factors of k.
2
Let a be (-6 + -2288)*3/6*1. Let q = a + 2401. What are the prime factors of q?
2, 3, 11, 19
Let q = 53 + 256. Let l = q + -543. What are the prime factors of (l/4 - -1)*(8 + -10)?
5, 23
Let z(f) = 2*f**3 - 49*f**2 - 20*f + 15. Let k be z(24). What are the prime factors of 6 - k - ((-20)/(-5) - 3)?
2, 523
Let h = -8675 + 13332. List the prime factors of h.
4657
Let z(j) = j**2 - 3*j + 544. Let s be z(0). Suppose s*l + 3416 = 551*l. What are the prime factors of l?
2, 61
Suppose -1784 = 2*l - 624. Let b = -308 - l. Suppose n + b = 3*n - 2*p, 3*n + 5*p = 384. List the prime factors of n.
7, 19
Suppose l - 10 = -r + 2*l, -5*r + 50 = -2*l. Suppose r*j - 70 = 9*j. Let g = -14 + j. What are the prime factors of g?
2, 7
Suppose -486249 = -27*x - 88701. List the prime factors of x.
2, 3, 409
Suppose -10*j = -1995 - 13315. Suppose 5*x + 1540 = p, 4*p - j = 3*p - 4*x. What are the prime factors of p?
5, 307
Suppose 4*m + 8*p = 27908, -4*m = -2*p + 5*p - 27923. List the prime factors of m.
6983
Suppose -2*g = 2*r + 82, -3*r = 2*g - g + 129. Let b(u) = 671*u + 3. Let l be b(3). List the prime factors of (-8)/r - l/(-44).
2, 23
Let u be (-6)/(-3) + 2 + 314. Suppose v = -3*v - d + u, d = 3*v - 235. What are the prime factors of v?
79
Suppose -y - 4*y - b + 41 = 0, -b = -3*y + 31. Let u(g) = -g + 12. Let m be u(y). Let q(w) = w**2 + w - 2. List the prime factors of q(m).
2, 5
Suppose l = o + 3*o + 91, 3*l - 4*o = 249. Let d = l - 44. What are the prime factors of d?
5, 7
Suppose 7*p + 260 = -454. List the prime factors of (153/p)/((-3)/1186).
593
Suppose -f = -35 + 41. Let h(n) = n**3 + 6*n**2 + 3*n - 7. Let b be h(f). Let i = b + 68. List the prime factors of i.
43
Suppose 0 = -56*p + 418*p - 16723676. What are the prime factors of p?
2, 23099
Suppose 0 = 25*n - 77702 - 399399 - 29999. What are the prime factors of n?
2, 11, 461
Let y be 1963/3 - 12/9. Suppose -4*b - 141 + y = 0. Let f = 373 - b. List the prime factors of f.
5, 7
What are the prime factors of (-2651)/(-1) - (70 - 66)?
2647
Let t = -200 - -191. Let k(r) = r**2 - 16*r - 2. List the prime factors of k(t).
223
Suppose -6*q - 5*q - 275 = 0. Let x(u) = -36*u + 80. List the prime factors of x(q).
2, 5, 7
Let z(i) = i**2 + 12*i + 15. Let g be z(-13). Let b be 21*-3*(-56)/(-36). List the prime factors of (b/g)/((-2)/20).
5, 7
Let t(m) = 10 - 26 - 4 + 3 - 5 - 14*m. What are the prime factors of t(-29)?
2, 3
Let v(o) = -34*o - 433. Let u be v(-22). Let l be (-38)/(-4) + 1/2. Suppose -l*d = -3*d - u. List the prime factors of d.
3, 5
Let z be 5 + ((-3)/(-5))/((-13)/130). What are the prime factors of 5 - (12/4 + 592/z)?
2, 3, 11
Suppose 0 = 3*w, 0*y = 2*y - 2*w + 372. Let t be -31*((3 - 7) + -5)/1. Let k = t + y. List the prime factors of k.
3, 31
Let o = -37 - -46. Suppose -3*x - 141 = -3*f - 15, 4*x = -f + 42. Let a = f - o. List the prime factors of a.
3, 11
Let i be ((-2536)/20)/(2/10) + 3. Let u = -370 - i. What are the prime factors of u?
3, 29
Suppose -7*s + 2357 + 1094 = 0. Let t = 1011 - s. Suppose -h = 6*h - t. What are the prime factors of h?
2, 37
Suppose 119292 = 3*i + 4*p, -83*p = 4*i - 81*p - 159056. List the prime factors of i.
2, 9941
Let i(r) = -r**3 - 9*r**2 + 2*r + 12. Let u be i(-9). Let s be (3 + u)/(3/(-59)). Suppose 23 = 2*t - s. List the prime factors of t.
41
Let u(c) = -c**2 - 22*c + 14013. List the prime factors of u(0).
3, 173
Let z(r) = 312*r - 293. List the prime factors of z(39).
5, 19
Let w(d) = -12*d**3 + 4*d**2 + 7*d + 5. Suppose -11*r = -5 - 171. Let x = -18 + r. What are the prime factors of w(x)?
103
Suppose -33*r - 26*r - 11*r + 2856420 = 0. What are the prime factors of r?
2, 3, 2267
Suppose -3*h = -5*p + 3479, -3*h + 1412 - 33 = 2*p. What are the prime factors of p?
2, 347
Suppose 0 = -0*q + 2*q + 26. Suppose 10 = 5*u, 0 = 11*o - 10*o + u - 104. Let b = o + q. What are the prime factors of b?
89
Suppose 196*o - 10 = 198*o. Let k(p) = -6*p**2 - 7*p + 4. Let g(m) = -6*m**2 - 7*m + 3. Let l(v) = -4*g(v) + 3*k(v). List the prime factors of l(o).
5, 23
Let s(a) = -19*a - 36. Let g = -54 + 39. Let x be s(g). Suppose 3*z + 3*i = 246, 2*i = -4*z + z + x. What are the prime factors of z?
5, 17
Let y = 127 + 159. Let g = y - -7. List the prime factors of g.
293
Suppose 1068 = 4*k - r + 2*r, -5*r + 1084 = 4*k. Let h be (-6)/(-18)*(1329/3 + -13 + 11). Let p = k - h. What are the prime factors of p?
7, 17
Suppose 3 = -r, -5*j + 2151 = 5*r - 2*r. Suppose n - 2*f = j + 88, 0 = -4*f + 4. What are the prime factors of n?
2, 3, 29
Let c(t) = -6*t**2 + 10*t - 27. Let n(b) = b**2 + b + 1. Let y = 60 + -59. Let j(a) = y*c(a) + 5*n(a). List the prime factors of j(11).
2, 11
Suppose -1245 = -2*j - u, 2*j - 5*u - 129 = 1134. Suppose 1186 + j = 10*l. What are the prime factors of l?
181
Let l(j) = 4*j**3 - j**2 + 4*j + 2. Let m be l(-4). Let z = 87 - m. Suppose 2 = 5*k - z. List the prime factors of k.
3, 5
Suppose -10 = 2*j, 17556 = -26*u + 27*u + j. What are the prime factors of u?
17, 1033
Let r = 54 + -58. Let l be -2 - 5/r - 42/(-24). List the prime factors of l*(1 - 2)*-133.
7, 19
Suppose -13*b + 24217 - 2871 = 0. What are the prime factors of b?
2, 821
Suppose 5*j - k - 33 = 0, 0 = j - 2*k - 0 - 3. Suppose -4*y - 2*x + 46 = 0, -4*y + j*y + 2*x = 36. What are the prime factors of (-1 - -3)*y/4?
5
Let q(w) = 44 + 2*w - 22 - 5*w. Let m be q(6). What are the prime factors of ((-15)/(-9))/(m/360)?
2, 3, 5
Let a(r) = 13*r + 22. Let p(k) = 51*k + 88. Let v(n) = -9*a(n) + 2*p(n). Suppose 12 = -6*d - 42. List the prime factors of v(d).
113
Suppose 2*i + 13 = 127. Suppose -x + f - 41 = 0, -4*f = x - f + i. What are the prime factors of 15/x - (-428)/6?
71
List the prime factors of 146826/(3*-2 - 152/(-19)).
3, 2719
List the prime factors of 41/287 - 11171/(-7).
2, 3, 7, 19
Suppose -9*n - 18*n = -83*n + 2689064. What are the prime factors of n?
31, 1549
Let x(q) = -9805*q - 147. List the prime factors of x(-1).
2, 11, 439
Let i = 2165 - 1370. Suppose -i = -7*w + 2*w. What are the prime factors of w?
3, 53
Let w(c) = 58*c + 384. W